 = 14. Suppose 6 = -2*z - z. Let r be z/14 + 295/7. Calculate the greatest common factor of r and t.
7
Let n be (-5)/(-15) - 8/(-3). Let z be 2/(-3) + 17/3. Suppose d - n*i = 82, 28 = -z*d + 3*i + 390. Calculate the highest common factor of d and 28.
14
Let w(i) = i**3 - 2*i**2 - 5*i + 5. Let r be w(5). What is the highest common factor of r and 5?
5
Let l(n) = -n**3 - 6*n**2 + 3*n - 5. Let c be l(-11). What is the highest common factor of 63 and c?
63
Suppose -26 - 4 = 2*c. Let t(i) = -i - 13. Let n be t(c). Calculate the highest common factor of 3 and n.
1
Suppose 4*x = -76 + 176. Suppose -v + 14 = -x. What is the highest common divisor of v and 13?
13
Let i = -4 + 13. Calculate the highest common divisor of 1 and i.
1
Let x be (3 + -4)/(1/(-5)). Suppose -9 = -x*c + 61. Calculate the highest common factor of c and 35.
7
Let v = 45 + 7. What is the highest common divisor of v and 13?
13
Suppose -5*r + 413 = -412. Calculate the greatest common factor of r and 15.
15
Suppose 5*x - 34 = 56. Calculate the greatest common factor of 90 and x.
18
Let x = 152 + -128. Suppose 3*a + 2*c - 23 = 0, a + c = -3*c + 21. Suppose 4*b - 69 = -a. Calculate the highest common factor of b and x.
8
Suppose -3*p = -r + 19, 4*p + 1 = -15. Let c(o) = 49*o**3. Let x be c(1). What is the highest common divisor of r and x?
7
Let b be (9 + (1 - -2))*(-1)/(-2). Suppose -40 - 56 = -4*h. Calculate the greatest common divisor of b and h.
6
Suppose 16*z - 14*z = 198. Let n be (23 + -1)/(1 + 1). Calculate the greatest common factor of n and z.
11
Let r(f) be the third derivative of -f**4/6 - 2*f**3 - 5*f**2. Let g be r(-8). What is the greatest common factor of 10 and g?
10
Suppose -6 = -5*k + 14. Let n be 4 + 0 - 2 - 56. Let o = 94 + n. What is the greatest common divisor of k and o?
4
Let m be 26 - 5 - (3 + 0). Suppose -10 = -4*r + m. Calculate the highest common factor of r and 7.
7
Let f(r) = -r + 9. Let q be (3 + -2)/((-4)/(-32)). Let d be f(q). Calculate the greatest common factor of 8 and d.
1
Suppose -c + 15 = 13. Calculate the greatest common factor of c and 22.
2
Let y(h) = 11*h**2 + h + 2. Let t be y(3). Let f(d) = -2*d - 12. Let w be f(-9). Suppose -2*q = -w*q + 52. What is the highest common factor of t and q?
13
Suppose -3*y + 3*j + 50 = -49, -6 = 2*j. Suppose -10 - 2 = -2*t. Suppose 0 = 2*m - 0*m - t. What is the highest common factor of m and y?
3
Suppose -3*w = w - 64. Let u = 20 + w. What is the highest common divisor of u and 4?
4
Suppose -52 = -4*u - 0*u. Suppose 0*k + k - 2*z - 75 = 0, 235 = 4*k + 5*z. What is the highest common divisor of u and k?
13
Suppose 90 - 26 = 4*c. Let k be (0 - 12)*(-2)/(-2). Let x be (k/c)/(2/(-96)). Calculate the greatest common divisor of 9 and x.
9
Let f(g) be the first derivative of -2*g**3/3 - 3*g**2/2 - 4*g + 2. Let p be f(-6). Let m = -23 - p. Calculate the greatest common divisor of m and 7.
7
Let d = -3 - -8. Suppose 0 = d*r + 1 - 46. What is the highest common divisor of 1 and r?
1
Let j(z) = -z + 3. Let h be 2/(-7) + 6/21. Let d be j(h). What is the highest common factor of 6 and d?
3
Let z(s) = -s**3 + 9*s**2 + 6*s + 3. Suppose 4*v + v + k - 40 = 0, -15 = -3*k. Let r be z(v). Calculate the highest common divisor of r and 13.
13
Let q be (-72)/15 - 3/15. Let a = 16 + q. Calculate the greatest common divisor of 55 and a.
11
Suppose -4*o = -75 - 265. What is the greatest common divisor of 17 and o?
17
Let w be ((-13)/(-3))/(2/6). Let o = 4 + w. Calculate the greatest common factor of 51 and o.
17
Let r = 7 + 1. Calculate the greatest common factor of 8 and r.
8
Let b = 23 + -1. Calculate the greatest common divisor of 110 and b.
22
Suppose -4*s = -0*s + 4, 0 = -4*v - 5*s + 87. What is the highest common divisor of 23 and v?
23
Suppose -3*m + 2*q = -13, 2*q = -2*m + q + 11. Let l = -22 + 31. Let b = l - m. What is the highest common divisor of b and 44?
4
Let j = 22 - -56. Suppose -3*z - k = -267, -2*z = -k - 261 + j. Calculate the greatest common factor of 10 and z.
10
Suppose 3*y + y = 5*h + 94, -3*y - 3*h + 84 = 0. Calculate the highest common divisor of 39 and y.
13
Let d = 20 - 11. What is the highest common factor of 36 and d?
9
Let u be (6/(-9))/((-3)/18). Let f(s) = -6*s + 2. Let w be f(-5). Calculate the greatest common divisor of w and u.
4
Let c be (-209)/(-9) + (-8)/36. What is the highest common factor of c and 46?
23
Let u be (-1 + 0)*(-6)/1. Suppose 3*g - 9 = u, 65 = 5*s + 4*g. Calculate the greatest common divisor of s and 45.
9
Let g = -2 - -2. Suppose 4*i + i - 75 = g. Let q be (-1)/(5/(-290)) + 2. Calculate the highest common factor of i and q.
15
Suppose 5*t - 7*t + 36 = 0. Calculate the highest common factor of t and 126.
18
Let y = -2 + 83. Calculate the greatest common divisor of 9 and y.
9
Let f be ((-15)/(-10))/((-1)/(-24)). Suppose -5*v + 3*d = 7*d - 140, -3*v = -5*d - 47. What is the greatest common divisor of v and f?
12
Let p(r) = -9*r - 1 + 2 + 0. Let s be p(-2). Let x = s - 11. What is the greatest common divisor of 72 and x?
8
Let g be -2 - (-103 - (2 + -5)). Calculate the greatest common divisor of 14 and g.
14
Let v be 200/(-6) - (-2)/(-3). Let z = v + 58. Let n = 76 + -60. Calculate the highest common factor of n and z.
8
Let t(g) = g**3 - 6*g**2 - 2*g + 26. Let p be t(6). Calculate the highest common divisor of 42 and p.
14
Let r be -8*(-1)/(-6)*(-315)/30. What is the greatest common divisor of r and 14?
14
Suppose 0 = -3*r - 0 - 15, 2*z - 10 = -2*r. What is the greatest common divisor of 15 and z?
5
Let c(t) = t + 5. Let s be c(5). Let z = 32 - 29. Suppose 5*b - z*h = 335, b = -h + 69 + 6. What is the greatest common factor of b and s?
10
Suppose 3*h - 7*a - 49 = -2*a, h + a = 3. Calculate the highest common divisor of 32 and h.
8
Let y(v) = 47*v - 39. Let c be y(3). What is the greatest common divisor of c and 68?
34
Let l(k) = 2*k**3 - 4*k**2 + 4*k - 3. Let t be l(2). What is the highest common divisor of t and 40?
5
Let p be 0 + -2 + 5*1. Let m = 1 - 2. Let a = p - m. Calculate the greatest common factor of 2 and a.
2
Let v(m) = -m**3 + 6*m**2 + 20*m + 3. Let b be v(8). What is the greatest common factor of 385 and b?
35
Suppose 0*g + 699 = 3*r - 3*g, 3*g = -2*r + 456. Calculate the greatest common factor of r and 21.
21
Let o(m) = 16*m. Let w be o(4). Calculate the greatest common divisor of w and 16.
16
Let b(u) = 3 + 2*u - 7 + 0*u. Let r be b(3). Let s be ((-11)/(-2))/((-1)/(-4)). Calculate the greatest common factor of r and s.
2
Let j be ((-5)/(-6))/((-3)/(-18)). Let v = 3 + j. What is the greatest common divisor of 8 and v?
8
Let h be ((0 + 4)/(-1))/(-1). Suppose 5*v + 2*s + 3 = 0, -25 = v - 6*v + 5*s. Calculate the greatest common divisor of v and h.
1
Let b(d) be the second derivative of -1/6*d**3 + 0 - 3*d**2 + 3*d. Let o be b(-12). What is the greatest common factor of 6 and o?
6
Let a(j) = -j**3 - 2*j**2 + 4*j - 2. Suppose 2*h + 2*h = -16. Let n be a(h). What is the greatest common factor of n and 2?
2
Suppose 4*z = -2*r + 38, 3*z + 0*r = -2*r + 28. What is the highest common divisor of z and 25?
5
Suppose -2*w - w + m = -21, -3*w + 4*m + 12 = 0. Let a(x) = -x**3 + 10*x**2 + 7*x - 2. Let r be a(w). Calculate the greatest common factor of r and 26.
26
Suppose -5*s - 3*c + 275 = 0, 5*c - 3*c + 198 = 4*s. Suppose 3*j + 4 = s. Suppose 5*d - j = -6. Calculate the highest common divisor of d and 3.
1
Let r be 2/(-3*3/(-567)). Let g(l) = -l**3 + 15*l**2 + l - 1. Let c be g(15). What is the greatest common factor of r and c?
14
Let z be 1 + -1*2 - 6. Let r(y) = y + 9. Let d be r(z). Suppose 0 = -5*m - d*o + 81 + 51, -m = 5*o - 8. Calculate the highest common factor of m and 42.
14
Let c(w) = -w**3 + 5*w**2 - 3*w - 5. Let v be c(4). Let g = 4 + v. Suppose 3*k - 3 = g. Calculate the greatest common divisor of k and 22.
2
Let x = 29 - 2. Suppose x = f - 6. Calculate the greatest common divisor of 22 and f.
11
Suppose -5*y - 3*u + 111 = 0, -1 = -3*u - 10. Let a = -4 + y. Calculate the greatest common divisor of a and 10.
10
Suppose 251 - 1051 = -10*g. Suppose -3*x + 25 = -4*o - 3, 0 = -2*x + 2*o + 22. Calculate the highest common factor of x and g.
16
Let z be (5 - 8/2) + 2. Suppose d - w - z - 19 = 0, w - 5 = 0. What is the greatest common divisor of d and 3?
3
Let r(d) = d**3